{"id":5890,"date":"2026-02-11T13:03:00","date_gmt":"2026-02-11T13:03:00","guid":{"rendered":"http:\/\/tapisrideauxcamion.local\/?post_type=product&#038;p=5890"},"modified":"2026-04-25T11:24:08","modified_gmt":"2026-04-25T11:24:08","slug":"rideaux-en-alcantara-camion-cabine-rideaux-lateraux-et-frange-pare-brise-rideau-couchette","status":"publish","type":"product","link":"https:\/\/tapisrideauxcamions.fr\/ro\/product\/rideaux-en-alcantara-camion-cabine-rideaux-lateraux-et-frange-pare-brise-rideau-couchette\/","title":{"rendered":"Pachet complet perdele \u2013 perdele laterale + franjuri parbriz + perdea cu\u0219et\u0103"},"content":{"rendered":"<p>Optimizeaz\u0103 izolarea \u0219i amenajarea cabinei tale cu acest set complet. Conceput pentru a bloca eficient lumina exterioar\u0103, acest pachet asigur\u0103 \u00eentuneric total pentru un somn de calitate, at\u00e2t ziua, c\u00e2t \u0219i noaptea.<br \/>\n<strong>\u200b<\/strong><\/p>\n<p><strong>Con\u021binutul pachetului<\/strong> :<\/p>\n<p>2 perdele laterale (\u0219ofer \u0219i pasager)<br \/>\n1 franjuri pentru parbriz<br \/>\n1 perdea de separare (cu\u0219et\u0103)<\/p>\n<p>\u200b<em><strong>C\u00e2rligele de fixare sunt incluse<\/strong>.<\/em><br \/>\n\u200b<strong>Not\u0103 despre accesorii<\/strong> : C\u00e2rligele incluse pot s\u0103 nu fie compatibile cu toate tipurile de \u0219ine, \u00een func\u021bie de marca camionului.<strong>\u200b<\/strong><\/p>\n<p><strong>Caracteristici produs<\/strong> :<\/p>\n<p><strong>Material<\/strong> : Alcantara de \u00eenalt\u0103 densitate (gros \u0219i opac).<br \/>\n\u200b<strong>Personalizare<\/strong> : Culorile materialului \u0219i ale ciucurilor, franjurilor sau bilu\u021belor pot fi configurate la cerere.<\/p>","protected":false},"excerpt":{"rendered":"<p>Optimisez l&#8217;isolation et l&#8217;am\u00e9nagement de votre cabine avec cet ensemble complet. Con\u00e7u pour bloquer radicalement la lumi\u00e8re ext\u00e9rieure, ce pack garantit une obscurit\u00e9 totale pour un repos de qualit\u00e9, de<\/p>","protected":false},"featured_media":6705,"comment_status":"open","ping_status":"closed","template":"","meta":[],"product_brand":[],"product_cat":[230],"product_tag":[],"class_list":{"0":"post-5890","1":"product","2":"type-product","3":"status-publish","4":"has-post-thumbnail","6":"product_cat-rideaux-de-cabine-camion-sur-mesure-en-alcantara","7":"pa_personnalisation-frais-suppl-non","8":"pa_personnalisation-frais-suppl-oui","10":"first","11":"instock","12":"shipping-taxable","13":"purchasable","14":"product-type-variable"},"_links":{"self":[{"href":"https:\/\/tapisrideauxcamions.fr\/ro\/wp-json\/wp\/v2\/product\/5890","targetHints":{"allow":["GET"]}}],"collection":[{"href":"https:\/\/tapisrideauxcamions.fr\/ro\/wp-json\/wp\/v2\/product"}],"about":[{"href":"https:\/\/tapisrideauxcamions.fr\/ro\/wp-json\/wp\/v2\/types\/product"}],"replies":[{"embeddable":true,"href":"https:\/\/tapisrideauxcamions.fr\/ro\/wp-json\/wp\/v2\/comments?post=5890"}],"wp:featuredmedia":[{"embeddable":true,"href":"https:\/\/tapisrideauxcamions.fr\/ro\/wp-json\/wp\/v2\/media\/6705"}],"wp:attachment":[{"href":"https:\/\/tapisrideauxcamions.fr\/ro\/wp-json\/wp\/v2\/media?parent=5890"}],"wp:term":[{"taxonomy":"product_brand","embeddable":true,"href":"https:\/\/tapisrideauxcamions.fr\/ro\/wp-json\/wp\/v2\/product_brand?post=5890"},{"taxonomy":"product_cat","embeddable":true,"href":"https:\/\/tapisrideauxcamions.fr\/ro\/wp-json\/wp\/v2\/product_cat?post=5890"},{"taxonomy":"product_tag","embeddable":true,"href":"https:\/\/tapisrideauxcamions.fr\/ro\/wp-json\/wp\/v2\/product_tag?post=5890"}],"curies":[{"name":"wp","href":"https:\/\/api.w.org\/{rel}","templated":true}]}}

Pachet complet perdele – perdele laterale + franjuri parbriz + perdea cușetă

<p>Optimizează izolarea și amenajarea cabinei tale cu acest set complet. Conceput pentru a bloca eficient lumina exterioară, acest pachet asigură întuneric total pentru un somn de calitate, atât ziua, cât și noaptea.<br />
<strong>​</strong></p>
<p><strong>Conținutul pachetului</strong> :</p>
<p>2 perdele laterale (șofer și pasager)<br />
1 franjuri pentru parbriz<br />
1 perdea de separare (cușetă)</p>
<p>​<em><strong>Cârligele de fixare sunt incluse</strong>.</em><br />
​<strong>Notă despre accesorii</strong> : Cârligele incluse pot să nu fie compatibile cu toate tipurile de șine, în funcție de marca camionului.<strong>​</strong></p>
<p><strong>Caracteristici produs</strong> :</p>
<p><strong>Material</strong> : Alcantara de înaltă densitate (gros și opac).<br />
​<strong>Personalizare</strong> : Culorile materialului și ale ciucurilor, franjurilor sau biluțelor pot fi configurate la cerere.</p>

<p>Optimisez l&#8217;isolation et l&#8217;aménagement de votre cabine avec cet ensemble complet. Conçu pour bloquer radicalement la lumière extérieure, ce pack garantit une obscurité totale pour un repos de qualité, de</p>
