{"id":5844,"date":"2026-02-11T11:49:15","date_gmt":"2026-02-11T11:49:15","guid":{"rendered":"http:\/\/tapisrideauxcamion.local\/?post_type=product&#038;p=5844"},"modified":"2026-04-25T11:44:47","modified_gmt":"2026-04-25T11:44:47","slug":"rideau-en-alcantara-separation-couchette-sur-mesure-camion-cabine","status":"publish","type":"product","link":"https:\/\/tapisrideauxcamions.fr\/ro\/product\/rideau-en-alcantara-separation-couchette-sur-mesure-camion-cabine\/","title":{"rendered":"Rideau de s\u00e9paration Couchette en Alcantara"},"content":{"rendered":"<p>Cr\u00e9ez un espace de repos intime et \u00e9l\u00e9gant avec notre rideau de couchette en Alcantara sur mesure, con\u00e7u pour une occultation optimale et un style incomparable.<br \/>\nFabricat\u0103 din Alcantara de \u00eenalt\u0103 calitate, aceast\u0103 perdea este accesoriul ideal pentru a separa zona de dormit de restul cabinei, ad\u0103ug\u00e2nd \u00een acela\u0219i timp o not\u0103 luxoas\u0103 interiorului camionului t\u0103u.<br \/>\n<strong>Op\u021biuni de personalizare<\/strong> :<br \/>\n<strong><em>Finisaj margini<\/em><\/strong> : Choisissez entre pompons, franges ou petites boules.<br \/>\n\u200b<strong><em>Personalizare text<\/em><\/strong> : Marcaj sau broderie disponibil\u0103 pe acest model pentru un rezultat unic.<br \/>\n<strong><em>Culori<\/em><\/strong> : Gam\u0103 larg\u0103 de culori pentru material \u0219i finisaje.<\/p>\n<p><strong>C\u00e2rligele de fixare sunt incluse.<\/strong><br \/>\n<strong>Not\u0103 despre accesorii: C\u00e2rligele incluse pot s\u0103 nu fie compatibile cu toate tipurile de \u0219ine, \u00een func\u021bie de marca camionului.<\/strong><\/p>","protected":false},"excerpt":{"rendered":"<p>Cr\u00e9ez un espace de repos intime et \u00e9l\u00e9gant avec notre rideau de couchette en Alcantara sur mesure, con\u00e7u pour une occultation optimale et un style incomparable. \u200bFabriqu\u00e9 en Alcantara de<\/p>","protected":false},"featured_media":6780,"comment_status":"open","ping_status":"closed","template":"","meta":[],"product_brand":[],"product_cat":[230],"product_tag":[],"class_list":{"0":"post-5844","1":"product","2":"type-product","3":"status-publish","4":"has-post-thumbnail","6":"product_cat-rideaux-de-cabine-camion-sur-mesure-en-alcantara","7":"pa_personnalisation-frais-suppl-non","8":"pa_personnalisation-frais-suppl-oui","10":"first","11":"instock","12":"shipping-taxable","13":"purchasable","14":"product-type-variable"},"_links":{"self":[{"href":"https:\/\/tapisrideauxcamions.fr\/ro\/wp-json\/wp\/v2\/product\/5844","targetHints":{"allow":["GET"]}}],"collection":[{"href":"https:\/\/tapisrideauxcamions.fr\/ro\/wp-json\/wp\/v2\/product"}],"about":[{"href":"https:\/\/tapisrideauxcamions.fr\/ro\/wp-json\/wp\/v2\/types\/product"}],"replies":[{"embeddable":true,"href":"https:\/\/tapisrideauxcamions.fr\/ro\/wp-json\/wp\/v2\/comments?post=5844"}],"wp:featuredmedia":[{"embeddable":true,"href":"https:\/\/tapisrideauxcamions.fr\/ro\/wp-json\/wp\/v2\/media\/6780"}],"wp:attachment":[{"href":"https:\/\/tapisrideauxcamions.fr\/ro\/wp-json\/wp\/v2\/media?parent=5844"}],"wp:term":[{"taxonomy":"product_brand","embeddable":true,"href":"https:\/\/tapisrideauxcamions.fr\/ro\/wp-json\/wp\/v2\/product_brand?post=5844"},{"taxonomy":"product_cat","embeddable":true,"href":"https:\/\/tapisrideauxcamions.fr\/ro\/wp-json\/wp\/v2\/product_cat?post=5844"},{"taxonomy":"product_tag","embeddable":true,"href":"https:\/\/tapisrideauxcamions.fr\/ro\/wp-json\/wp\/v2\/product_tag?post=5844"}],"curies":[{"name":"wp","href":"https:\/\/api.w.org\/{rel}","templated":true}]}}

Rideau de séparation Couchette en Alcantara

<p>Créez un espace de repos intime et élégant avec notre rideau de couchette en Alcantara sur mesure, conçu pour une occultation optimale et un style incomparable.<br />
Fabricată din Alcantara de înaltă calitate, această perdea este accesoriul ideal pentru a separa zona de dormit de restul cabinei, adăugând în același timp o notă luxoasă interiorului camionului tău.<br />
<strong>Opțiuni de personalizare</strong> :<br />
<strong><em>Finisaj margini</em></strong> : Choisissez entre pompons, franges ou petites boules.<br />
​<strong><em>Personalizare text</em></strong> : Marcaj sau broderie disponibilă pe acest model pentru un rezultat unic.<br />
<strong><em>Culori</em></strong> : Gamă largă de culori pentru material și finisaje.</p>
<p><strong>Cârligele de fixare sunt incluse.</strong><br />
<strong>Notă despre accesorii: Cârligele incluse pot să nu fie compatibile cu toate tipurile de șine, în funcție de marca camionului.</strong></p>

<p>Créez un espace de repos intime et élégant avec notre rideau de couchette en Alcantara sur mesure, conçu pour une occultation optimale et un style incomparable. ​Fabriqué en Alcantara de</p>
