{"id":5384,"date":"2026-01-27T08:38:52","date_gmt":"2026-01-27T08:38:52","guid":{"rendered":"http:\/\/tapisrideauxcamion2.local\/?post_type=product&#038;p=5384"},"modified":"2026-04-25T12:30:17","modified_gmt":"2026-04-25T12:30:17","slug":"couvre-lit-taie-doreiller-camion-cabine-en-alcantara-personnalisables-toutes-marques","status":"publish","type":"product","link":"https:\/\/tapisrideauxcamions.fr\/ro\/product\/couvre-lit-taie-doreiller-camion-cabine-en-alcantara-personnalisables-toutes-marques\/","title":{"rendered":"Set hus\u0103 pat \u0219i fa\u021b\u0103 de pern\u0103 personalizabile \u2013 Alcantara"},"content":{"rendered":"<h2>Confort neegalat<\/h2>\n<p>Optimizeaz\u0103-\u021bi confortul cu setul nostru de cuvertur\u0103 \u0219i fa\u021b\u0103 de pern\u0103 asortat\u0103, realizat cu aten\u021bie din Alcantara premium pentru un aspect elegant \u0219i primitor. Acest material de \u00eenalt\u0103 calitate ofer\u0103 o textur\u0103 moale \u0219i pl\u0103cut\u0103 la atingere, ideal pentru a transforma orice spa\u021biu \u00eentr-un adev\u0103rat cocon de relaxare.<\/p>\n<h2>Design personalizabil<\/h2>\n<p>Adapteaz\u0103 acest set la comand\u0103 dup\u0103 gusturile \u0219i preferin\u021bele tale. Disponibil \u00eentr-o gam\u0103 variat\u0103 de culori, fiecare pies\u0103 poate fi brodat\u0103 cu textul dorit, pentru a crea o atmosfer\u0103 unic\u0103 \u0219i cu adev\u0103rat personal\u0103 pentru cabina sau spa\u021biul t\u0103u.<\/p>\n<h2>Calitate premium \u0219i \u00eentre\u021binere u\u0219oar\u0103<\/h2>\n<p>Fabricat s\u0103 reziste, acest set reflect\u0103 o calitate excep\u021bional\u0103. Datorit\u0103 Alcantarei, este la fel de u\u0219or de \u00eentre\u021binut pe c\u00e2t este de estetic, fiind alegerea perfect\u0103 pentru a combina stilul cu func\u021bionalitatea.<\/p>","protected":false},"excerpt":{"rendered":"<p>Un Confort In\u00e9gal\u00e9 Optimisez votre confort gr\u00e2ce \u00e0 notre ensemble couvre-lit et taie d\u2019oreiller assortie, soigneusement con\u00e7u en Alcantara premium pour un rendu \u00e0 la fois \u00e9l\u00e9gant et chaleureux. Ce<\/p>","protected":false},"featured_media":6098,"comment_status":"open","ping_status":"closed","template":"","meta":[],"product_brand":[],"product_cat":[227],"product_tag":[],"class_list":{"0":"post-5384","1":"product","2":"type-product","3":"status-publish","4":"has-post-thumbnail","6":"product_cat-couvre-lit-et-taie-doreiller-en-similicuir-ou-tissu","7":"pa_personnalisation-frais-suppl-non","8":"pa_personnalisation-frais-suppl-oui","10":"first","11":"instock","12":"shipping-taxable","13":"purchasable","14":"product-type-variable"},"_links":{"self":[{"href":"https:\/\/tapisrideauxcamions.fr\/ro\/wp-json\/wp\/v2\/product\/5384","targetHints":{"allow":["GET"]}}],"collection":[{"href":"https:\/\/tapisrideauxcamions.fr\/ro\/wp-json\/wp\/v2\/product"}],"about":[{"href":"https:\/\/tapisrideauxcamions.fr\/ro\/wp-json\/wp\/v2\/types\/product"}],"replies":[{"embeddable":true,"href":"https:\/\/tapisrideauxcamions.fr\/ro\/wp-json\/wp\/v2\/comments?post=5384"}],"wp:featuredmedia":[{"embeddable":true,"href":"https:\/\/tapisrideauxcamions.fr\/ro\/wp-json\/wp\/v2\/media\/6098"}],"wp:attachment":[{"href":"https:\/\/tapisrideauxcamions.fr\/ro\/wp-json\/wp\/v2\/media?parent=5384"}],"wp:term":[{"taxonomy":"product_brand","embeddable":true,"href":"https:\/\/tapisrideauxcamions.fr\/ro\/wp-json\/wp\/v2\/product_brand?post=5384"},{"taxonomy":"product_cat","embeddable":true,"href":"https:\/\/tapisrideauxcamions.fr\/ro\/wp-json\/wp\/v2\/product_cat?post=5384"},{"taxonomy":"product_tag","embeddable":true,"href":"https:\/\/tapisrideauxcamions.fr\/ro\/wp-json\/wp\/v2\/product_tag?post=5384"}],"curies":[{"name":"wp","href":"https:\/\/api.w.org\/{rel}","templated":true}]}}

Set husă pat și față de pernă personalizabile – Alcantara

<h2>Confort neegalat</h2>
<p>Optimizează-ți confortul cu setul nostru de cuvertură și față de pernă asortată, realizat cu atenție din Alcantara premium pentru un aspect elegant și primitor. Acest material de înaltă calitate oferă o textură moale și plăcută la atingere, ideal pentru a transforma orice spațiu într-un adevărat cocon de relaxare.</p>
<h2>Design personalizabil</h2>
<p>Adaptează acest set la comandă după gusturile și preferințele tale. Disponibil într-o gamă variată de culori, fiecare piesă poate fi brodată cu textul dorit, pentru a crea o atmosferă unică și cu adevărat personală pentru cabina sau spațiul tău.</p>
<h2>Calitate premium și întreținere ușoară</h2>
<p>Fabricat să reziste, acest set reflectă o calitate excepțională. Datorită Alcantarei, este la fel de ușor de întreținut pe cât este de estetic, fiind alegerea perfectă pentru a combina stilul cu funcționalitatea.</p>

<p>Un Confort Inégalé Optimisez votre confort grâce à notre ensemble couvre-lit et taie d’oreiller assortie, soigneusement conçu en Alcantara premium pour un rendu à la fois élégant et chaleureux. Ce</p>
